{"id":3891,"date":"2025-10-21T13:58:24","date_gmt":"2025-10-21T13:58:24","guid":{"rendered":"https:\/\/stark-fitness.eu\/?page_id=3891"},"modified":"2025-10-21T14:01:18","modified_gmt":"2025-10-21T14:01:18","slug":"d-widerrufsbelehrung","status":"publish","type":"page","link":"https:\/\/stark-fitness.eu\/index.php\/d-widerrufsbelehrung\/","title":{"rendered":"D &#8211; Widerrufsbelehrung"},"content":{"rendered":"\t\t<div data-elementor-type=\"wp-page\" data-elementor-id=\"3891\" class=\"elementor elementor-3891\">\n\t\t\t\t\t\t<section class=\"elementor-section elementor-top-section elementor-element elementor-element-58eabf elementor-section-boxed elementor-section-height-default elementor-section-height-default\" data-id=\"58eabf\" data-element_type=\"section\" data-settings=\"{&quot;background_background&quot;:&quot;classic&quot;}\">\n\t\t\t\t\t\t<div class=\"elementor-container elementor-column-gap-default\">\n\t\t\t\t\t<div class=\"elementor-column elementor-col-100 elementor-top-column elementor-element elementor-element-557dd9c1\" data-id=\"557dd9c1\" data-element_type=\"column\">\n\t\t\t<div class=\"elementor-widget-wrap elementor-element-populated\">\n\t\t\t\t\t\t<div class=\"elementor-element elementor-element-7aa159e1 elementor-widget-divider--view-line elementor-widget elementor-widget-divider\" data-id=\"7aa159e1\" data-element_type=\"widget\" data-widget_type=\"divider.default\">\n\t\t\t\t<div class=\"elementor-widget-container\">\n\t\t\t\t\t\t\t<div class=\"elementor-divider\">\n\t\t\t<span class=\"elementor-divider-separator\">\n\t\t\t\t\t\t<\/span>\n\t\t<\/div>\n\t\t\t\t\t\t<\/div>\n\t\t\t\t<\/div>\n\t\t\t\t<div class=\"elementor-element elementor-element-17d05831 elementor-widget__width-initial elementor-widget elementor-widget-heading\" data-id=\"17d05831\" data-element_type=\"widget\" data-widget_type=\"heading.default\">\n\t\t\t\t<div class=\"elementor-widget-container\">\n\t\t\t\t\t<h2 class=\"elementor-heading-title elementor-size-default\">Widerrufsbelehrung<\/h2>\t\t\t\t<\/div>\n\t\t\t\t<\/div>\n\t\t\t\t<div class=\"elementor-element elementor-element-2fdda55e elementor-widget elementor-widget-heading\" data-id=\"2fdda55e\" data-element_type=\"widget\" data-widget_type=\"heading.default\">\n\t\t\t\t<div class=\"elementor-widget-container\">\n\t\t\t\t\t<h2 class=\"elementor-heading-title elementor-size-default\">Widerrufsrecht<\/h2>\t\t\t\t<\/div>\n\t\t\t\t<\/div>\n\t\t\t\t<div class=\"elementor-element elementor-element-1265b5f1 elementor-widget-divider--view-line elementor-widget elementor-widget-divider\" data-id=\"1265b5f1\" data-element_type=\"widget\" data-widget_type=\"divider.default\">\n\t\t\t\t<div class=\"elementor-widget-container\">\n\t\t\t\t\t\t\t<div class=\"elementor-divider\">\n\t\t\t<span class=\"elementor-divider-separator\">\n\t\t\t\t\t\t<\/span>\n\t\t<\/div>\n\t\t\t\t\t\t<\/div>\n\t\t\t\t<\/div>\n\t\t\t\t<div class=\"elementor-element elementor-element-5476afdf elementor-widget elementor-widget-text-editor\" data-id=\"5476afdf\" data-element_type=\"widget\" data-widget_type=\"text-editor.default\">\n\t\t\t\t<div class=\"elementor-widget-container\">\n\t\t\t\t\t\t\t\t\t<p class=\"p1\"><strong>Widerrufsrecht<\/strong><\/p><p class=\"p1\">Sie haben das Recht, binnen vierzehn Tagen ohne Angabe von Gr\u00fcnden diesen Vertrag zu widerrufen.<\/p><p class=\"p1\">Die Widerrufsfrist betr\u00e4gt vierzehn Tage ab dem Tag des Vertragsabschlusses.<\/p><p class=\"p1\">Um Ihr Widerrufsrecht auszu\u00fcben, m\u00fcssen Sie uns {der STARK Fitness und Lifestyle D\u00fclken UG, Viersener Stra\u00dfe 99a in 41751 Viersen, Tel: 02162 1025540, team@stark-duelken.de} mittels einer eindeutigen Erkl\u00e4rung (z.B. per Brief oder E-Mail) \u00fcber Ihren Entschluss, diesen Vertrag zu widerrufen, informieren.<\/p><p class=\"p1\"><strong>Folgen des Widerrufs<\/strong><\/p><p class=\"p1\">Wenn Sie diesen Vertrag widerrufen, haben wir Ihnen alle Zahlungen, die wir von Ihnen erhalten haben, unverz\u00fcglich und sp\u00e4testens binnen vierzehn Tagen ab dem Tag zur\u00fcckzuzahlen, an dem die Mitteilung \u00fcber Ihren Widerruf des Vertrags bei uns eingegangen ist.<\/p><p class=\"p1\">F\u00fcr diese R\u00fcckzahlung verwenden wir dasselbe Zahlungsmittel, das Sie bei der urspr\u00fcnglichen Transaktion eingesetzt haben, es sei denn, mit Ihnen wurde ausdr\u00fccklich etwas anderes vereinbart; in keinem Fall werden Ihnen wegen dieser R\u00fcckzahlung Entgelte berechnet.<\/p><p class=\"p1\">Haben Sie verlangt, dass die Dienstleistung w\u00e4hrend der Widerrufsfrist beginnen soll, so haben Sie uns einen angemessenen Betrag zu zahlen, der dem Anteil der bis zu dem Zeitpunkt, zu dem Sie von der Aus\u00fcbung des Widerrufsrechts unterrichten, bereits erbrachten Dienstleistung im Vergleich zum Gesamtumfang der im Vertrag vorgesehenen Dienstleistung entspricht.<\/p><p class=\"p1\"><strong>Muster Widerrufsformular<\/strong><\/p><p class=\"p1\">\u2013 An der STARK Fitness und Lifestyle D\u00fclken UG, Viersener Stra\u00dfe 99a in 41751 Viersen, Tel:<\/p><p class=\"p1\">02162 1025540, team@stark-duelken.de<\/p><p class=\"p1\">\u2013 Hiermit widerrufe(n) ich\/wir (*) den von mir\/uns (*) abgeschlossenen Vertrag \u00fcber den Kauf der<\/p><p class=\"p1\">folgenden Waren (*)\/die Erbringung der folgenden Dienstleistung (*)<\/p><p class=\"p1\">\u2013 Bestellt am (*)\/erhalten am (*)<\/p><p class=\"p1\">\u2013 Name des\/der Verbraucher(s)<\/p><p class=\"p1\">\u2013 Anschrift des\/der Verbraucher(s)<\/p><p class=\"p1\">\u2013 Unterschrift des\/der Verbraucher(s) (nur bei Mitteilung auf Papier)<\/p><p class=\"p1\">\u2013 Datum<\/p>\t\t\t\t\t\t\t\t<\/div>\n\t\t\t\t<\/div>\n\t\t\t\t\t<\/div>\n\t\t<\/div>\n\t\t\t\t\t<\/div>\n\t\t<\/section>\n\t\t\t\t<\/div>\n\t\t","protected":false},"excerpt":{"rendered":"<p>Widerrufsbelehrung Widerrufsrecht Widerrufsrecht Sie haben das Recht, binnen vierzehn Tagen ohne Angabe von Gr\u00fcnden diesen Vertrag zu widerrufen. Die Widerrufsfrist betr\u00e4gt vierzehn Tage ab dem Tag des Vertragsabschlusses. Um Ihr Widerrufsrecht auszu\u00fcben, m\u00fcssen Sie uns {der STARK Fitness und Lifestyle D\u00fclken UG, Viersener Stra\u00dfe 99a in 41751 Viersen, Tel: 02162 1025540, team@stark-duelken.de} mittels einer eindeutigen [&hellip;]<\/p>\n","protected":false},"author":1,"featured_media":0,"parent":0,"menu_order":0,"comment_status":"closed","ping_status":"closed","template":"","meta":{"ocean_post_layout":"full-screen","ocean_both_sidebars_style":"","ocean_both_sidebars_content_width":0,"ocean_both_sidebars_sidebars_width":0,"ocean_sidebar":"","ocean_second_sidebar":"","ocean_disable_margins":"enable","ocean_add_body_class":"","ocean_shortcode_before_top_bar":"","ocean_shortcode_after_top_bar":"","ocean_shortcode_before_header":"","ocean_shortcode_after_header":"","ocean_has_shortcode":"","ocean_shortcode_after_title":"","ocean_shortcode_before_footer_widgets":"","ocean_shortcode_after_footer_widgets":"","ocean_shortcode_before_footer_bottom":"","ocean_shortcode_after_footer_bottom":"","ocean_display_top_bar":"off","ocean_display_header":"off","ocean_header_style":"","ocean_center_header_left_menu":"","ocean_custom_header_template":"","ocean_custom_logo":0,"ocean_custom_retina_logo":0,"ocean_custom_logo_max_width":0,"ocean_custom_logo_tablet_max_width":0,"ocean_custom_logo_mobile_max_width":0,"ocean_custom_logo_max_height":0,"ocean_custom_logo_tablet_max_height":0,"ocean_custom_logo_mobile_max_height":0,"ocean_header_custom_menu":"","ocean_menu_typo_font_family":"","ocean_menu_typo_font_subset":"","ocean_menu_typo_font_size":0,"ocean_menu_typo_font_size_tablet":0,"ocean_menu_typo_font_size_mobile":0,"ocean_menu_typo_font_size_unit":"px","ocean_menu_typo_font_weight":"","ocean_menu_typo_font_weight_tablet":"","ocean_menu_typo_font_weight_mobile":"","ocean_menu_typo_transform":"","ocean_menu_typo_transform_tablet":"","ocean_menu_typo_transform_mobile":"","ocean_menu_typo_line_height":0,"ocean_menu_typo_line_height_tablet":0,"ocean_menu_typo_line_height_mobile":0,"ocean_menu_typo_line_height_unit":"","ocean_menu_typo_spacing":0,"ocean_menu_typo_spacing_tablet":0,"ocean_menu_typo_spacing_mobile":0,"ocean_menu_typo_spacing_unit":"","ocean_menu_link_color":"","ocean_menu_link_color_hover":"","ocean_menu_link_color_active":"","ocean_menu_link_background":"","ocean_menu_link_hover_background":"","ocean_menu_link_active_background":"","ocean_menu_social_links_bg":"","ocean_menu_social_hover_links_bg":"","ocean_menu_social_links_color":"","ocean_menu_social_hover_links_color":"","ocean_disable_title":"on","ocean_disable_heading":"default","ocean_post_title":"","ocean_post_subheading":"","ocean_post_title_style":"","ocean_post_title_background_color":"","ocean_post_title_background":0,"ocean_post_title_bg_image_position":"","ocean_post_title_bg_image_attachment":"","ocean_post_title_bg_image_repeat":"","ocean_post_title_bg_image_size":"","ocean_post_title_height":0,"ocean_post_title_bg_overlay":0.5,"ocean_post_title_bg_overlay_color":"","ocean_disable_breadcrumbs":"default","ocean_breadcrumbs_color":"","ocean_breadcrumbs_separator_color":"","ocean_breadcrumbs_links_color":"","ocean_breadcrumbs_links_hover_color":"","ocean_display_footer_widgets":"off","ocean_display_footer_bottom":"off","ocean_custom_footer_template":"","footnotes":""},"class_list":["post-3891","page","type-page","status-publish","hentry","entry"],"yoast_head":"<!-- This site is optimized with the Yoast SEO plugin v24.2 - https:\/\/yoast.com\/wordpress\/plugins\/seo\/ -->\n<title>D - Widerrufsbelehrung - STARK Fitness<\/title>\n<meta name=\"robots\" content=\"index, follow, max-snippet:-1, max-image-preview:large, max-video-preview:-1\" \/>\n<link rel=\"canonical\" href=\"https:\/\/stark-fitness.eu\/index.php\/d-widerrufsbelehrung\/\" \/>\n<meta property=\"og:locale\" content=\"de_DE\" \/>\n<meta property=\"og:type\" content=\"article\" \/>\n<meta property=\"og:title\" content=\"D - Widerrufsbelehrung - STARK Fitness\" \/>\n<meta property=\"og:description\" content=\"Widerrufsbelehrung Widerrufsrecht Widerrufsrecht Sie haben das Recht, binnen vierzehn Tagen ohne Angabe von Gr\u00fcnden diesen Vertrag zu widerrufen. Die Widerrufsfrist betr\u00e4gt vierzehn Tage ab dem Tag des Vertragsabschlusses. Um Ihr Widerrufsrecht auszu\u00fcben, m\u00fcssen Sie uns {der STARK Fitness und Lifestyle D\u00fclken UG, Viersener Stra\u00dfe 99a in 41751 Viersen, Tel: 02162 1025540, team@stark-duelken.de} mittels einer eindeutigen [&hellip;]\" \/>\n<meta property=\"og:url\" content=\"https:\/\/stark-fitness.eu\/index.php\/d-widerrufsbelehrung\/\" \/>\n<meta property=\"og:site_name\" content=\"STARK Fitness\" \/>\n<meta property=\"article:modified_time\" content=\"2025-10-21T14:01:18+00:00\" \/>\n<meta name=\"twitter:card\" content=\"summary_large_image\" \/>\n<meta name=\"twitter:label1\" content=\"Gesch\u00e4tzte Lesezeit\" \/>\n\t<meta name=\"twitter:data1\" content=\"2 Minuten\" \/>\n<script type=\"application\/ld+json\" class=\"yoast-schema-graph\">{\"@context\":\"https:\/\/schema.org\",\"@graph\":[{\"@type\":\"WebPage\",\"@id\":\"https:\/\/stark-fitness.eu\/index.php\/d-widerrufsbelehrung\/\",\"url\":\"https:\/\/stark-fitness.eu\/index.php\/d-widerrufsbelehrung\/\",\"name\":\"D - Widerrufsbelehrung - STARK Fitness\",\"isPartOf\":{\"@id\":\"https:\/\/stark-fitness.eu\/#website\"},\"datePublished\":\"2025-10-21T13:58:24+00:00\",\"dateModified\":\"2025-10-21T14:01:18+00:00\",\"breadcrumb\":{\"@id\":\"https:\/\/stark-fitness.eu\/index.php\/d-widerrufsbelehrung\/#breadcrumb\"},\"inLanguage\":\"de\",\"potentialAction\":[{\"@type\":\"ReadAction\",\"target\":[\"https:\/\/stark-fitness.eu\/index.php\/d-widerrufsbelehrung\/\"]}]},{\"@type\":\"BreadcrumbList\",\"@id\":\"https:\/\/stark-fitness.eu\/index.php\/d-widerrufsbelehrung\/#breadcrumb\",\"itemListElement\":[{\"@type\":\"ListItem\",\"position\":1,\"name\":\"Startseite\",\"item\":\"https:\/\/stark-fitness.eu\/\"},{\"@type\":\"ListItem\",\"position\":2,\"name\":\"D &#8211; Widerrufsbelehrung\"}]},{\"@type\":\"WebSite\",\"@id\":\"https:\/\/stark-fitness.eu\/#website\",\"url\":\"https:\/\/stark-fitness.eu\/\",\"name\":\"STARK Fitness\",\"description\":\"STARK SEIN STARK BLEIBEN.\",\"publisher\":{\"@id\":\"https:\/\/stark-fitness.eu\/#organization\"},\"potentialAction\":[{\"@type\":\"SearchAction\",\"target\":{\"@type\":\"EntryPoint\",\"urlTemplate\":\"https:\/\/stark-fitness.eu\/?s={search_term_string}\"},\"query-input\":{\"@type\":\"PropertyValueSpecification\",\"valueRequired\":true,\"valueName\":\"search_term_string\"}}],\"inLanguage\":\"de\"},{\"@type\":\"Organization\",\"@id\":\"https:\/\/stark-fitness.eu\/#organization\",\"name\":\"STARK Fitness\",\"url\":\"https:\/\/stark-fitness.eu\/\",\"logo\":{\"@type\":\"ImageObject\",\"inLanguage\":\"de\",\"@id\":\"https:\/\/stark-fitness.eu\/#\/schema\/logo\/image\/\",\"url\":\"\/stark-content\/uploads\/2023\/08\/Stark_Lowenkopf_auf_schwarz.png\",\"contentUrl\":\"\/stark-content\/uploads\/2023\/08\/Stark_Lowenkopf_auf_schwarz.png\",\"width\":350,\"height\":350,\"caption\":\"STARK Fitness\"},\"image\":{\"@id\":\"https:\/\/stark-fitness.eu\/#\/schema\/logo\/image\/\"}}]}<\/script>\n<!-- \/ Yoast SEO plugin. -->","yoast_head_json":{"title":"D - Widerrufsbelehrung - STARK Fitness","robots":{"index":"index","follow":"follow","max-snippet":"max-snippet:-1","max-image-preview":"max-image-preview:large","max-video-preview":"max-video-preview:-1"},"canonical":"https:\/\/stark-fitness.eu\/index.php\/d-widerrufsbelehrung\/","og_locale":"de_DE","og_type":"article","og_title":"D - Widerrufsbelehrung - STARK Fitness","og_description":"Widerrufsbelehrung Widerrufsrecht Widerrufsrecht Sie haben das Recht, binnen vierzehn Tagen ohne Angabe von Gr\u00fcnden diesen Vertrag zu widerrufen. Die Widerrufsfrist betr\u00e4gt vierzehn Tage ab dem Tag des Vertragsabschlusses. Um Ihr Widerrufsrecht auszu\u00fcben, m\u00fcssen Sie uns {der STARK Fitness und Lifestyle D\u00fclken UG, Viersener Stra\u00dfe 99a in 41751 Viersen, Tel: 02162 1025540, team@stark-duelken.de} mittels einer eindeutigen [&hellip;]","og_url":"https:\/\/stark-fitness.eu\/index.php\/d-widerrufsbelehrung\/","og_site_name":"STARK Fitness","article_modified_time":"2025-10-21T14:01:18+00:00","twitter_card":"summary_large_image","twitter_misc":{"Gesch\u00e4tzte Lesezeit":"2 Minuten"},"schema":{"@context":"https:\/\/schema.org","@graph":[{"@type":"WebPage","@id":"https:\/\/stark-fitness.eu\/index.php\/d-widerrufsbelehrung\/","url":"https:\/\/stark-fitness.eu\/index.php\/d-widerrufsbelehrung\/","name":"D - Widerrufsbelehrung - STARK Fitness","isPartOf":{"@id":"https:\/\/stark-fitness.eu\/#website"},"datePublished":"2025-10-21T13:58:24+00:00","dateModified":"2025-10-21T14:01:18+00:00","breadcrumb":{"@id":"https:\/\/stark-fitness.eu\/index.php\/d-widerrufsbelehrung\/#breadcrumb"},"inLanguage":"de","potentialAction":[{"@type":"ReadAction","target":["https:\/\/stark-fitness.eu\/index.php\/d-widerrufsbelehrung\/"]}]},{"@type":"BreadcrumbList","@id":"https:\/\/stark-fitness.eu\/index.php\/d-widerrufsbelehrung\/#breadcrumb","itemListElement":[{"@type":"ListItem","position":1,"name":"Startseite","item":"https:\/\/stark-fitness.eu\/"},{"@type":"ListItem","position":2,"name":"D &#8211; Widerrufsbelehrung"}]},{"@type":"WebSite","@id":"https:\/\/stark-fitness.eu\/#website","url":"https:\/\/stark-fitness.eu\/","name":"STARK Fitness","description":"STARK SEIN STARK BLEIBEN.","publisher":{"@id":"https:\/\/stark-fitness.eu\/#organization"},"potentialAction":[{"@type":"SearchAction","target":{"@type":"EntryPoint","urlTemplate":"https:\/\/stark-fitness.eu\/?s={search_term_string}"},"query-input":{"@type":"PropertyValueSpecification","valueRequired":true,"valueName":"search_term_string"}}],"inLanguage":"de"},{"@type":"Organization","@id":"https:\/\/stark-fitness.eu\/#organization","name":"STARK Fitness","url":"https:\/\/stark-fitness.eu\/","logo":{"@type":"ImageObject","inLanguage":"de","@id":"https:\/\/stark-fitness.eu\/#\/schema\/logo\/image\/","url":"\/stark-content\/uploads\/2023\/08\/Stark_Lowenkopf_auf_schwarz.png","contentUrl":"\/stark-content\/uploads\/2023\/08\/Stark_Lowenkopf_auf_schwarz.png","width":350,"height":350,"caption":"STARK Fitness"},"image":{"@id":"https:\/\/stark-fitness.eu\/#\/schema\/logo\/image\/"}}]}},"_links":{"self":[{"href":"https:\/\/stark-fitness.eu\/index.php\/wp-json\/wp\/v2\/pages\/3891","targetHints":{"allow":["GET"]}}],"collection":[{"href":"https:\/\/stark-fitness.eu\/index.php\/wp-json\/wp\/v2\/pages"}],"about":[{"href":"https:\/\/stark-fitness.eu\/index.php\/wp-json\/wp\/v2\/types\/page"}],"author":[{"embeddable":true,"href":"https:\/\/stark-fitness.eu\/index.php\/wp-json\/wp\/v2\/users\/1"}],"replies":[{"embeddable":true,"href":"https:\/\/stark-fitness.eu\/index.php\/wp-json\/wp\/v2\/comments?post=3891"}],"version-history":[{"count":5,"href":"https:\/\/stark-fitness.eu\/index.php\/wp-json\/wp\/v2\/pages\/3891\/revisions"}],"predecessor-version":[{"id":3897,"href":"https:\/\/stark-fitness.eu\/index.php\/wp-json\/wp\/v2\/pages\/3891\/revisions\/3897"}],"wp:attachment":[{"href":"https:\/\/stark-fitness.eu\/index.php\/wp-json\/wp\/v2\/media?parent=3891"}],"curies":[{"name":"wp","href":"https:\/\/api.w.org\/{rel}","templated":true}]}}